{"id":40007,"date":"2025-07-17T09:40:39","date_gmt":"2025-07-17T09:40:39","guid":{"rendered":"https:\/\/fedi.de\/eclairage-descalier-led-moderne-et-decors-pour-votre-renovation-descalier\/"},"modified":"2025-07-17T09:41:29","modified_gmt":"2025-07-17T09:41:29","slug":"eclairage-descalier-led-moderne-et-decors-pour-votre-renovation-descalier","status":"publish","type":"page","link":"https:\/\/fedi.de\/fr\/eclairage-descalier-led-moderne-et-decors-pour-votre-renovation-descalier\/","title":{"rendered":"\u00c9clairage d&rsquo;escalier LED moderne et d\u00e9cors pour votre r\u00e9novation d&rsquo;escalier"},"content":{"rendered":"\t\t<div data-elementor-type=\"wp-page\" data-elementor-id=\"40007\" class=\"elementor elementor-40007 elementor-40001\" data-elementor-post-type=\"page\">\n\t\t\t\t<div class=\"elementor-element elementor-element-e3a7882 e-flex e-con-boxed e-con e-parent\" data-id=\"e3a7882\" data-element_type=\"container\" data-e-type=\"container\">\n\t\t\t\t\t<div class=\"e-con-inner\">\n\t\t\t\t<div class=\"elementor-element elementor-element-0c364a1 elementor-widget elementor-widget-heading\" data-id=\"0c364a1\" data-element_type=\"widget\" data-e-type=\"widget\" data-widget_type=\"heading.default\">\n\t\t\t\t<div class=\"elementor-widget-container\">\n\t\t\t\t\t<h2 class=\"elementor-heading-title elementor-size-default\">\u00c9clairage d'escalier LED moderne et d\u00e9cors pour votre r\u00e9novation d'escalier<\/h2>\t\t\t\t<\/div>\n\t\t\t\t<\/div>\n\t\t\t\t<div class=\"elementor-element elementor-element-9492b4a elementor-widget elementor-widget-text-editor\" data-id=\"9492b4a\" data-element_type=\"widget\" data-e-type=\"widget\" data-widget_type=\"text-editor.default\">\n\t\t\t\t<div class=\"elementor-widget-container\">\n\t\t\t\t\t\t\t\t\t<p>  &#8211; D\u00e9couvrez maintenant \u00e0 Gelsenkirchen, Dortmund, Essen, Krefeld, aux Pays-Bas et en France !<\/p><p>Vous \u00eates \u00e0 la recherche de solutions de qualit\u00e9 pour la r\u00e9novation de votre escalier ? Chez fedi.de, vous trouverez un large choix d&rsquo;\u00e9clairages d&rsquo;escalier LED et de d\u00e9cors qui rendront votre escalier non seulement plus s\u00fbr, mais aussi plus esth\u00e9tique. Que ce soit \u00e0 Gelsenkirchen, Dortmund, Essen, Krefeld ou m\u00eame aux Pays-Bas et en France, nous proposons des produits innovants pour vos projets de r\u00e9novation.  <\/p><p>Nos \u00e9clairages d&rsquo;escalier \u00e0 LED sont \u00e9conomes en \u00e9nergie, durables et faciles \u00e0 installer. Avec des d\u00e9cors adapt\u00e9s, vous pouvez personnaliser votre escalier et l&rsquo;harmoniser parfaitement avec le style de votre int\u00e9rieur. Que vous souhaitiez un aspect moderne, \u00e9l\u00e9gant ou classique, vous trouverez chez fedi.fr les solutions adapt\u00e9es \u00e0 la r\u00e9novation de votre escalier.  <\/p><p>Profitez des derni\u00e8res tendances en mati\u00e8re d&rsquo;\u00e9clairage d&rsquo;escalier et de d\u00e9coration ! Visitez maintenant <a href=\"https:\/\/fedi.de\/fr\/eclairage-descalier-a-led\/\">fedi.de\/led-treppenbeleuchtung<\/a> et d\u00e9couvrez comment r\u00e9nover votre escalier avec style \u00e0 Gelsenkirchen, Dortmund, Essen, Krefeld, aux Pays-Bas ou en France. <\/p><p>Conclusion : avec les \u00e9clairages d&rsquo;escalier et les d\u00e9cors LED de haute qualit\u00e9 de fedi.de, vous misez sur la qualit\u00e9, la s\u00e9curit\u00e9 et un design moderne &#8211; parfait pour votre r\u00e9novation d&rsquo;escalier en Allemagne, aux Pays-Bas ou en France.<\/p>\t\t\t\t\t\t\t\t<\/div>\n\t\t\t\t<\/div>\n\t\t\t\t<div class=\"elementor-element elementor-element-4d84650 elementor-align-left elementor-widget elementor-widget-button\" data-id=\"4d84650\" data-element_type=\"widget\" data-e-type=\"widget\" data-widget_type=\"button.default\">\n\t\t\t\t<div class=\"elementor-widget-container\">\n\t\t\t\t\t\t\t\t\t<div class=\"elementor-button-wrapper\">\n\t\t\t\t\t<a class=\"elementor-button elementor-button-link elementor-size-sm elementor-animation-shrink\" href=\"https:\/\/fedi.de\/fr\/\">\n\t\t\t\t\t\t<span class=\"elementor-button-content-wrapper\">\n\t\t\t\t\t\t\t\t\t<span class=\"elementor-button-text\">Aller \u00e0 la page d'accueil<\/span>\n\t\t\t\t\t<\/span>\n\t\t\t\t\t<\/a>\n\t\t\t\t<\/div>\n\t\t\t\t\t\t\t\t<\/div>\n\t\t\t\t<\/div>\n\t\t\t\t\t<\/div>\n\t\t\t\t<\/div>\n\t\t\t\t<\/div>\n\t\t","protected":false},"excerpt":{"rendered":"<p>\u00c9clairage d&rsquo;escalier LED moderne et d\u00e9cors pour votre r\u00e9novation d&rsquo;escalier &#8211; D\u00e9couvrez maintenant \u00e0 Gelsenkirchen, Dortmund, Essen, Krefeld, aux Pays-Bas [&hellip;]<\/p>\n","protected":false},"author":1,"featured_media":0,"parent":0,"menu_order":0,"comment_status":"closed","ping_status":"closed","template":"","meta":{"_acf_changed":false,"site-sidebar-layout":"no-sidebar","site-content-layout":"","ast-site-content-layout":"full-width-container","site-content-style":"default","site-sidebar-style":"default","ast-global-header-display":"","ast-banner-title-visibility":"","ast-main-header-display":"","ast-hfb-above-header-display":"","ast-hfb-below-header-display":"","ast-hfb-mobile-header-display":"","site-post-title":"disabled","ast-breadcrumbs-content":"","ast-featured-img":"disabled","footer-sml-layout":"","ast-disable-related-posts":"","theme-transparent-header-meta":"","adv-header-id-meta":"","stick-header-meta":"","header-above-stick-meta":"","header-main-stick-meta":"","header-below-stick-meta":"","astra-migrate-meta-layouts":"default","ast-page-background-enabled":"default","ast-page-background-meta":{"desktop":{"background-color":"var(--ast-global-color-4)","background-image":"","background-repeat":"repeat","background-position":"center center","background-size":"auto","background-attachment":"scroll","background-type":"","background-media":"","overlay-type":"","overlay-color":"","overlay-opacity":"","overlay-gradient":""},"tablet":{"background-color":"","background-image":"","background-repeat":"repeat","background-position":"center center","background-size":"auto","background-attachment":"scroll","background-type":"","background-media":"","overlay-type":"","overlay-color":"","overlay-opacity":"","overlay-gradient":""},"mobile":{"background-color":"","background-image":"","background-repeat":"repeat","background-position":"center center","background-size":"auto","background-attachment":"scroll","background-type":"","background-media":"","overlay-type":"","overlay-color":"","overlay-opacity":"","overlay-gradient":""}},"ast-content-background-meta":{"desktop":{"background-color":"var(--ast-global-color-5)","background-image":"","background-repeat":"repeat","background-position":"center center","background-size":"auto","background-attachment":"scroll","background-type":"","background-media":"","overlay-type":"","overlay-color":"","overlay-opacity":"","overlay-gradient":""},"tablet":{"background-color":"var(--ast-global-color-5)","background-image":"","background-repeat":"repeat","background-position":"center center","background-size":"auto","background-attachment":"scroll","background-type":"","background-media":"","overlay-type":"","overlay-color":"","overlay-opacity":"","overlay-gradient":""},"mobile":{"background-color":"var(--ast-global-color-5)","background-image":"","background-repeat":"repeat","background-position":"center center","background-size":"auto","background-attachment":"scroll","background-type":"","background-media":"","overlay-type":"","overlay-color":"","overlay-opacity":"","overlay-gradient":""}},"footnotes":""},"class_list":["post-40007","page","type-page","status-publish","hentry"],"acf":[],"aioseo_notices":[],"_links":{"self":[{"href":"https:\/\/fedi.de\/fr\/wp-json\/wp\/v2\/pages\/40007","targetHints":{"allow":["GET"]}}],"collection":[{"href":"https:\/\/fedi.de\/fr\/wp-json\/wp\/v2\/pages"}],"about":[{"href":"https:\/\/fedi.de\/fr\/wp-json\/wp\/v2\/types\/page"}],"author":[{"embeddable":true,"href":"https:\/\/fedi.de\/fr\/wp-json\/wp\/v2\/users\/1"}],"replies":[{"embeddable":true,"href":"https:\/\/fedi.de\/fr\/wp-json\/wp\/v2\/comments?post=40007"}],"version-history":[{"count":2,"href":"https:\/\/fedi.de\/fr\/wp-json\/wp\/v2\/pages\/40007\/revisions"}],"predecessor-version":[{"id":40014,"href":"https:\/\/fedi.de\/fr\/wp-json\/wp\/v2\/pages\/40007\/revisions\/40014"}],"wp:attachment":[{"href":"https:\/\/fedi.de\/fr\/wp-json\/wp\/v2\/media?parent=40007"}],"curies":[{"name":"wp","href":"https:\/\/api.w.org\/{rel}","templated":true}]}}

Éclairage d&rsquo;escalier LED moderne et décors pour votre rénovation d&rsquo;escalier

<div data-elementor-type="wp-page" data-elementor-id="40007" class="elementor elementor-40007 elementor-40001" data-elementor-post-type="page">
				<div class="elementor-element elementor-element-e3a7882 e-flex e-con-boxed e-con e-parent" data-id="e3a7882" data-element_type="container" data-e-type="container">
					<div class="e-con-inner">
				<div class="elementor-element elementor-element-0c364a1 elementor-widget elementor-widget-heading" data-id="0c364a1" data-element_type="widget" data-e-type="widget" data-widget_type="heading.default">
				<div class="elementor-widget-container">
					<h2 class="elementor-heading-title elementor-size-default">Éclairage d'escalier LED moderne et décors pour votre rénovation d'escalier</h2>				</div>
				</div>
				<div class="elementor-element elementor-element-9492b4a elementor-widget elementor-widget-text-editor" data-id="9492b4a" data-element_type="widget" data-e-type="widget" data-widget_type="text-editor.default">
				<div class="elementor-widget-container">
									<p>  &#8211; Découvrez maintenant à Gelsenkirchen, Dortmund, Essen, Krefeld, aux Pays-Bas et en France !</p><p>Vous êtes à la recherche de solutions de qualité pour la rénovation de votre escalier ? Chez fedi.de, vous trouverez un large choix d&rsquo;éclairages d&rsquo;escalier LED et de décors qui rendront votre escalier non seulement plus sûr, mais aussi plus esthétique. Que ce soit à Gelsenkirchen, Dortmund, Essen, Krefeld ou même aux Pays-Bas et en France, nous proposons des produits innovants pour vos projets de rénovation.  </p><p>Nos éclairages d&rsquo;escalier à LED sont économes en énergie, durables et faciles à installer. Avec des décors adaptés, vous pouvez personnaliser votre escalier et l&rsquo;harmoniser parfaitement avec le style de votre intérieur. Que vous souhaitiez un aspect moderne, élégant ou classique, vous trouverez chez fedi.fr les solutions adaptées à la rénovation de votre escalier.  </p><p>Profitez des dernières tendances en matière d&rsquo;éclairage d&rsquo;escalier et de décoration ! Visitez maintenant <a href="https://fedi.de/fr/eclairage-descalier-a-led/">fedi.de/led-treppenbeleuchtung</a> et découvrez comment rénover votre escalier avec style à Gelsenkirchen, Dortmund, Essen, Krefeld, aux Pays-Bas ou en France. </p><p>Conclusion : avec les éclairages d&rsquo;escalier et les décors LED de haute qualité de fedi.de, vous misez sur la qualité, la sécurité et un design moderne &#8211; parfait pour votre rénovation d&rsquo;escalier en Allemagne, aux Pays-Bas ou en France.</p>								</div>
				</div>
				<div class="elementor-element elementor-element-4d84650 elementor-align-left elementor-widget elementor-widget-button" data-id="4d84650" data-element_type="widget" data-e-type="widget" data-widget_type="button.default">
				<div class="elementor-widget-container">
									<div class="elementor-button-wrapper">
					<a class="elementor-button elementor-button-link elementor-size-sm elementor-animation-shrink" href="https://fedi.de/fr/">
						<span class="elementor-button-content-wrapper">
									<span class="elementor-button-text">Aller à la page d'accueil</span>
					</span>
					</a>
				</div>
								</div>
				</div>
					</div>
				</div>
				</div>

<p>Éclairage d&rsquo;escalier LED moderne et décors pour votre rénovation d&rsquo;escalier &#8211; Découvrez maintenant à Gelsenkirchen, Dortmund, Essen, Krefeld, aux Pays-Bas [&hellip;]</p>
